at is the remainder when (-6)/9*261/v is divided by 15?
14
Let a(l) = l**2 + l - 1. What is the remainder when a(-5) is divided by 336/33 + 5/((-55)/2)?
9
Let d be (-2 - -2)/(-3 - -1). Let f(g) = 15 + 2 + 3*g**3 - 2*g**3 + 35. What is the remainder when f(d) is divided by 18?
16
Suppose 4*m = 4*a - 16, -m + 12 = 4*a - 6*m. Suppose -2*t + 16 = -a. Calculate the remainder when 34 is divided by t.
10
Let u be -19 + 1 - (2 + -1). Let b = -73 + 110. Let g = b + u. Calculate the remainder when g is divided by 10.
8
Suppose -5*f - 26 = -201. Calculate the remainder when 139 is divided by f.
34
Calculate the remainder when 65 is divided by 21 + (0 - 1)*-1.
21
Suppose 7*o - 2*o = 35. What is the remainder when o is divided by 2?
1
Let s be (1 - (-3 + 3)) + 1. Suppose -s*j - 3*j = -60. What is the remainder when 22 is divided by j?
10
Suppose 5*b - 256 = 4*r, -5*r - 151 = -3*b - 0*b. Let x = 92 - b. Let i(c) = 2*c + 2. Calculate the remainder when x is divided by i(6).
12
What is the remainder when 6/2 - (11 + -22) is divided by 5?
4
Calculate the remainder when 59 is divided by 4/6*(-270)/(-12).
14
Let u(a) = -a**3 + a**2 - a + 56. Let l be u(0). Suppose 4*r + i = 125 - 41, -3*i = -2*r + l. Let p = r - 13. Calculate the remainder when 17 is divided by p.
8
Suppose 0 = 14*a - 9*a - 115. What is the remainder when 90 is divided by a?
21
Suppose 0 = 18*s - 21*s + 51. Calculate the remainder when 58 is divided by s.
7
Suppose 3*g - 6*j = -j + 26, -5 = -g - 2*j. What is the remainder when g is divided by 1?
0
Let x(o) = -o**3 + 3*o**2 + o - 2. Let b be x(3). Let h = b - -5. Calculate the remainder when h is divided by 4.
2
Let w(d) = 15 - 6 + d + d - d. Calculate the remainder when 4 is divided by w(-7).
0
Let r(l) = -l + 14. Let d be r(6). Suppose 0 = 2*h + 2*h - 4, 208 = 5*i + 3*h. Let f = i - d. What is the remainder when f is divided by 12?
9
Suppose 7*b - 4*b = 123. What is the remainder when b is divided by 14?
13
Let i(z) = -z**3 + 5*z**2 + z + 6. What is the remainder when (-1)/((-200)/(-68) - (1 + 2)) is divided by i(5)?
6
Suppose 0 = -2*u - 2*m + 52, 0 = -5*u + 3*m - m + 151. What is the remainder when u is divided by 15?
14
Let r = 19 - 16. Suppose 0 = r*l - 28 - 50. What is the remainder when l is divided by 14?
12
Let o = -12 - -15. Calculate the remainder when 7 is divided by o.
1
Let m(k) = k**2 + 11*k - 17. Suppose 5*z - 3*z = 4*s, -2*z = -2*s - 2. Suppose -z*h - 1 = -7, -53 = 5*u + 4*h. What is the remainder when 17 is divided by m(u)?
8
Suppose 0 = q + x - 9, 4*q - 26 = -2*x + 18. What is the remainder when 19 is divided by q?
6
Suppose 6*p - 2*p + r = -42, -5*r - 20 = p. Let w = -6 - p. Calculate the remainder when 13 is divided by w.
1
Let p = -3 + 6. Suppose 0 = -5*r + 4*z + 70, 5 - 2 = r - p*z. Calculate the remainder when 35 is divided by r.
17
Let s be 2/(-7) - (-54)/(-7). Calculate the remainder when (0 + s)*7/(-4) is divided by 8.
6
Suppose -m + 4*m - 147 = 0. What is the remainder when 144 is divided by m?
46
Let m(h) = -h**3 - 10*h**2 + 8*h + 1. Let j be m(-11). Suppose 0 = -5*o + 2*r + j, 2*r = -o - 3*r + 23. What is the remainder when 14 is divided by o?
6
Suppose 3*l + 3 = -t + 18, 5*l = 3*t - 31. What is the remainder when 43 is divided by t?
7
What is the remainder when 51/68 - (-266)/8 is divided by 9?
7
Let a(n) = -6*n**3 + 6*n**2 - 2*n - 7. Let r(g) = 5*g**3 - 5*g**2 + g + 7. Let s(t) = 3*a(t) + 4*r(t). Calculate the remainder when s(3) is divided by 10.
7
Let y be -5*(0 + 7)/1. What is the remainder when 7 is divided by 28/10 - 7/y?
1
Suppose 25 = -6*t + 259. What is the remainder when t is divided by 4?
3
Suppose -4*d - d + 875 = 0. Calculate the remainder when d is divided by 44.
43
Let i = -13 - -47. What is the remainder when 65 is divided by i?
31
Suppose -5*g - 3*f = -6 + 2, -5*g - 2*f + 6 = 0. Let v = 3 - g. Suppose -3*n + 4*r = -6, 0*r + 5*r = 0. What is the remainder when n is divided by v?
0
Suppose 4 = 4*r, -u - 5*r + 6 = -0*u. Let c = 68 + -40. Let a = c - u. What is the remainder when a is divided by 14?
13
Suppose -6 = -y + 10. Calculate the remainder when y is divided by 10.
6
Let i = -2 - -1. Calculate the remainder when 16 is divided by 3 - (-1 + -4 + i).
7
Let d(h) = 7*h**3 - 2*h**2 + 2*h - 1. Let o be -2*-2*(-1)/(-4). Calculate the remainder when 11 is divided by d(o).
5
Let d(k) = -k**2 - 7*k - 2. Let v be d(-5). Let z(f) = -5*f - 4. What is the remainder when z(-5) is divided by v/4 + 1 + 8?
10
Suppose 3*b = 133 - 19. Suppose 5*o = 3*o - b. Let p = o - -29. What is the remainder when p is divided by 6?
4
Let h = -38 - -65. What is the remainder when 69 is divided by (-27)/18 + h/2?
9
Let b(r) = 3*r**2 + 19*r - 7. Let u(f) = 2*f**2 + 3*f - 2. Calculate the remainder when u(2) is divided by b(-7).
5
Let z(k) = 22*k - 2. What is the remainder when 36 is divided by z(1)?
16
Suppose -2*b = -6*b - o + 532, -2*b = -5*o - 244. Calculate the remainder when b is divided by 45.
42
Let o = 7 + 0. What is the remainder when o is divided by 4 - 0 - 2/2?
1
Let g(d) = -15*d + 102. What is the remainder when g(5) is divided by (-2)/(-6) - 88/(-6)?
12
Let r be 3 + -1 - (-3 - 1). Let j(x) = r - 7 + 8 + x. What is the remainder when 31 is divided by j(9)?
15
Suppose 5*u = 5*v + 240, 3*v = u - 27 - 11. Suppose -c + 62 = -h, 2*h - u = -c - 0*h. What is the remainder when c is divided by 20?
19
Suppose 4*l = -3*q - 6, 4*l + 18 = -q + 4*q. What is the remainder when q is divided by 2?
0
Suppose 4*r + t - 8 = 34, 5*r = 4*t + 63. Let f(k) = -k**2 - 10*k - 3. Calculate the remainder when f(-6) is divided by r.
10
Suppose -p + 3 = -12. Calculate the remainder when 73 is divided by p.
13
Let s(o) = o**2 - 4*o + 2. Let d = -63 - -117. What is the remainder when d is divided by s(6)?
12
Let j be (-1)/(((-9)/(-3))/27). Let r be (j/2 - -2)*-10. Let d = -8 + r. Calculate the remainder when d is divided by 9.
8
Suppose -31*o = -28*o - 336. What is the remainder when o is divided by 19?
17
Let v(o) = o**2 - o + 1. Let x be v(1). What is the remainder when 41 is divided by x + (2 - (-18)/1)?
20
Let o(r) = r**2 - 7*r + 9. Let y be o(6). Calculate the remainder when ((-18)/2)/y - -34 is divided by 11.
9
Suppose -5*j - 15 = c, -5*c = -2*c. What is the remainder when 9/j + (-1 - -59) is divided by 14?
13
Suppose w - 40 = -5*c, c + 3*w + 24 = 4*c. Calculate the remainder when 23 is divided by c.
7
Suppose -a + 18 = -5. What is the remainder when 65 is divided by a?
19
Suppose -4*i + 3*x = -294 + 91, 3*x = -i + 47. Let f = -1 + 3. Suppose 54 = f*v - i. Calculate the remainder when v is divided by 18.
16
Let g = 3 + -1. Calculate the remainder when ((-2)/(-12)*2)/(26/468) is divided by g.
0
Let s = -50 + 129. Let p = s - 52. What is the remainder when 53 is divided by p?
26
Let o(l) = -3*l + 9. Calculate the remainder when 82 is divided by o(-4).
19
Let t = -16 + 24. What is the remainder when 10 is divided by (15 - t) + -2 + -2?
1
Suppose 2*o + 2 = -3*g + 18, -g - 18 = -o. What is the remainder when o is divided by 4?
2
Calculate the remainder when (1*-2 - -32) + 11 + -9 is divided by 13.
6
Let i(l) = l**2 - 3*l + 5. Suppose -5*a = -2*a - 81. Let s = a - 15. Calculate the remainder when i(8) is divided by s.
9
Calculate the remainder when ((-18)/7)/(6 - (-171)/(-28)) is divided by 16.
8
Suppose 3 = 2*w - 43. What is the remainder when w is divided by 9?
5
What is the remainder when 32 is divided by 11 + 1 + (-2)/2?
10
Let d(s) = s**2 + 3*s - 2. Let m be d(-4). What is the remainder when 23/2 - m/4 is divided by 6?
5
Let j(o) = o - 1. Let w(b) = -12*b. Let h(u) = j(u) + w(u). Calculate the remainder when 38 is divided by h(-1).
8
Suppose -3*l + i + 5 = 0, 2*l + 5*i - 12 - 14 = 0. Suppose l*j = j + 98. Suppose 4*r - 2*r = 34. What is the remainder when j is divided by r?
15
Suppose 3*s = -3*p + 57, -73 = 3*s - 7*s - p. Calculate the remainder when s is divided by 7.
4
Suppose r - 2*r = -8. Suppose r*g = 5*g. Suppose 2 = -g*a + 2*a. What is the remainder when 2 is divided by a?
0
Suppose -5*z = 3*f - 97, -4*f + 141 = 2*z + 7. Calculate the remainder when f is divided by 248/14 - ((-222)/42 - -5).
16
What is the remainder when 0/(-3) + -3 - (-53 - -4) is divided by (-2)/3*18/(-1)?
10
Suppose 0 = n + v + 3*v - 25, -2*v = -3*n + 47. Let w = -3